g = 113 + 63. Suppose 2*v - 5 = 7*v. Let h be ((-48)/18)/(v/6). Calculate the greatest common factor of h and g.
16
Suppose p - 216 = -3*p - 4*m, -4*m = -12. Let g = 4 + p. Calculate the highest common divisor of g and 5.
5
Let k be 4/14 + (-670)/(-7). Calculate the greatest common divisor of 12 and k.
12
Let n(b) = -7*b - 1. Let u(p) = -p + 1. Let s be u(2). Let j be n(s). What is the greatest common divisor of j and 4?
2
Let s be 3/6 + (-81)/(-6). Let g = 24 + -3. What is the highest common factor of g and s?
7
Suppose 0 = 4*s - 4*p - 56, -22 = -4*s + 3*p + 33. Suppose -2*t + q = -4, -5*t + 2*q - q + s = 0. Calculate the highest common divisor of t and 9.
3
Suppose -5*o + 0*o - 8 = -3*y, -y - 5*o + 16 = 0. What is the greatest common factor of 3 and y?
3
Suppose -13*o + 39 = -39. What is the greatest common divisor of 15 and o?
3
Suppose 5 = 4*n - 355. What is the greatest common divisor of 10 and n?
10
Let k(l) = 3*l + 12. Let o be k(9). What is the highest common factor of 195 and o?
39
Suppose -3*s - 21 = -2*s - 5*t, -5*s = -3*t - 5. Let g be 3/(-3 + 102/32). Calculate the highest common divisor of g and s.
4
Let n be (-14)/4*(-6 + 0). Suppose -21 = -5*f - 4*o + 12, n = 3*f + 2*o. What is the highest common factor of 81 and f?
9
Let i = -13 - -18. Let a be (16/10)/(i/25). Calculate the greatest common factor of 1 and a.
1
Let k(c) = c**3 - 3*c**2 + c - 13. Let d be k(4). Suppose -7*o + 3*o = -28. What is the highest common divisor of d and o?
7
Suppose -8 = -4*o + 4. Suppose o = 5*z - 12. Let g = 38 + -23. Calculate the greatest common divisor of g and z.
3
Let b = -21 - -30. Suppose -192 = -2*c + 5*n, 3*c = 2*c - n + 96. Let l be c/2*9/6. What is the greatest common factor of l and b?
9
Suppose -3*l - 5*z = -74, 4*l + 5*z - 32 - 60 = 0. Let b = l + -9. What is the highest common divisor of b and 27?
9
Let s be 45/2*66/55. What is the greatest common divisor of s and 135?
27
Let f(u) = u**2 + 20*u + 24. Let a be f(-19). Calculate the highest common divisor of a and 125.
5
Let i be (36/(-15))/((-3)/10). Let a be 2/i - 81/(-12). Let b = a - -3. What is the highest common factor of b and 70?
10
Suppose 5*u = 6*u - 6. Suppose 0 = 2*p - 3*p + u. Let m be (3/2)/((-2)/(-16)). What is the greatest common factor of p and m?
6
Let y be ((-6)/9)/((-12)/234). Suppose -2*n - 1 = -11. Suppose -208 = -n*o + 3*o. Calculate the highest common factor of y and o.
13
Let b be 1 - -1 - (2 - 10). Let i = -20 + 90. Calculate the highest common divisor of i and b.
10
Let f(d) = -3*d - d**3 - 5*d**3 + 6*d**2 + 7*d**3 + 1. Let b be f(-6). Calculate the greatest common factor of b and 133.
19
Let f = 2 + 1. Let k be (45/12 - f)*32. Suppose -2 = 4*o - 14. What is the highest common divisor of o and k?
3
Suppose -3*x - 924 = -9*x. Calculate the highest common factor of x and 14.
14
Let h(g) = 24*g**2 - 4*g + 2. Let j be h(2). What is the greatest common factor of 36 and j?
18
Let x = 5 - 5. Suppose -5*v = -x*l - 4*l + 1049, 4*v - 1260 = -5*l. Let a = -175 + l. What is the greatest common factor of a and 54?
27
Suppose 24*w - 1573 = 11*w. Calculate the highest common divisor of 11 and w.
11
Let v(y) = y**3 - 6*y**2 + y - 6. Let q be v(6). Suppose q = o - 4*o + 42. What is the highest common factor of 28 and o?
14
Let c be 3/4 - (-203)/28. What is the greatest common divisor of c and 56?
8
Suppose -19 = -5*z + 2*a + 2*a, 2*z - 5*a - 11 = 0. Let j be (-4)/(0 + 1/3). Let r be (-8)/j*z/2. Calculate the highest common divisor of 5 and r.
1
Let g(o) = -o**3 + 2*o**2 + 3*o - 1. Let h be g(3). Let j be (-2 - h)*(-2 - -2). Suppose j = 6*n - 3*n - 57. Calculate the highest common factor of n and 114.
19
Let v(p) = -p**2 + 10*p - 2. Let x be v(10). Let q be x - ((-78)/3 + -2). What is the highest common divisor of 13 and q?
13
Let r(a) = a**3 + 6*a**2 + 4*a + 8. Let w be r(-5). Calculate the greatest common factor of 117 and w.
13
Let b(o) = o**3 + o**2 + o + 1. Let k be b(-1). Suppose k = g - 2*g + 5. Suppose -4*t - 20 = -5*t. What is the highest common factor of t and g?
5
Suppose -245 = -5*o + 2*f + 3*f, -3*f - 197 = -4*o. What is the highest common factor of 10 and o?
10
Let d be 0 - (3 - 8 - -3). Let m = -6 - -11. Let o = m - 0. What is the highest common divisor of d and o?
1
Let k(s) = -s**2 + 5*s - 4. Let u be k(4). Let l be -3 - (2 - 21) - u. Calculate the highest common divisor of 112 and l.
16
Let o = -60 - -90. What is the greatest common factor of o and 15?
15
Suppose 2*a + 0 = 6. Calculate the greatest common factor of a and 3.
3
Suppose 3*m - 6*m + 93 = 0. Let n(v) = -v**3 + 8*v**2 - 8*v - 8. Let b be n(7). Let l = b + m. What is the greatest common divisor of 144 and l?
16
Let o be 2829/15 - (-4)/10. What is the highest common factor of o and 21?
21
Let u = -21 - -43. Calculate the greatest common divisor of 198 and u.
22
Let h = -24 - 49. Let i = 216 + h. Calculate the highest common factor of i and 13.
13
Suppose -4*u - 3*o + 5 = -1, -3*u + 11 = -o. Suppose -b = 3*d - 1, -1 = 8*d - 3*d + 3*b. Calculate the highest common factor of u and d.
1
Suppose -3*p + a = -556, 0 - 5 = -a. Let m = 6 - 1. Suppose m*t + 35 = 120. Calculate the highest common factor of p and t.
17
Let s = -1 + 6. Calculate the greatest common factor of s and 15.
5
Let a(s) be the first derivative of -3 + 11*s - 1/2*s**2 + 0*s**3 + 1/4*s**4. Let k be a(0). What is the greatest common factor of 121 and k?
11
Let l = -88 - -164. Calculate the greatest common divisor of l and 57.
19
Let x(t) = 5*t - 5. Let j be x(7). Let p(v) = v**2 + 10*v - 7. Let s be p(-11). Suppose d + j = s*d. Calculate the greatest common divisor of 4 and d.
2
Suppose 0 = -3*i - 6, 0 = 6*p - 2*p + 3*i - 114. What is the greatest common divisor of 15 and p?
15
Let k(n) = -n**3 - n**2 + 88. Suppose y = -4*y. Let w be k(y). Suppose r = 3*r - w. Calculate the highest common factor of r and 11.
11
Suppose 15 = 3*v + 4*h, 3*v - 7 = 5*h + 8. Calculate the highest common factor of 5 and v.
5
Suppose g + 4*f = 33, 4*g = -f - 88 + 280. Calculate the highest common factor of g and 7.
7
Suppose 0 = -x + 11 - 7. Let z = x + 0. What is the greatest common divisor of z and 6?
2
Let f(u) = u**2 + 6*u + 3. Let n be f(-6). Suppose -n - 21 = -2*m. Suppose 5*x - 42 = 5*j - 3*j, -3*j = 3. What is the highest common divisor of m and x?
4
Let z(l) = 4*l + 48. Let j be z(-10). Calculate the greatest common divisor of j and 16.
8
Suppose -5*w + w - 548 = -5*m, w - 563 = -5*m. What is the greatest common divisor of 14 and m?
14
Let y be -18 - -59 - (-5)/1. What is the highest common factor of 92 and y?
46
Let m be (-4)/(-4) + (0 - 7). Let y = m + 4. Let n = 14 + y. Calculate the greatest common factor of n and 4.
4
Let r be (-12)/(-8)*16/(-6). Let j be (-122)/(-4) - (-2)/r. What is the highest common divisor of j and 15?
15
Suppose 0 = -14*h + 4*h + 220. Suppose 0 = j + 4 - 5. Let r(w) = 33*w. Let q be r(j). What is the highest common factor of h and q?
11
Suppose -5*f + 2 = 3*v + 1, 5*v - 6 = -4*f. What is the greatest common factor of v and 22?
2
Let k = -10 + 7. Let f be ((-2)/k)/((-2)/(-27)). What is the greatest common factor of 72 and f?
9
Suppose -4*f + 4*m = -2*f - 112, -4*f + 199 = -3*m. Let c be ((-437)/(-76))/(21/20 - 1). What is the greatest common divisor of f and c?
23
Suppose z - 11 = -2*v, 2*z + 5*v + 0*v - 24 = 0. What is the highest common divisor of z and 7?
7
Suppose -2*f + 9 = -f. Calculate the highest common factor of f and 9.
9
Suppose -135 = -5*r + 40. Suppose -5*v = -3*s + 7*s - 16, -s + 2*v = -4. Let n = 11 - s. What is the highest common divisor of n and r?
7
Let s = 31 - -11. Let f = 33 + -5. Calculate the greatest common divisor of s and f.
14
Let k = -36 - -81. Suppose -2*z + 15 = 3*z, 3*z = 3*y - k. What is the highest common divisor of y and 54?
18
Let v be 1*(5 - 0) - 1. Suppose 2*n + k + 14 = 5*k, 76 = -4*n - v*k. Let y = -4 - n. Calculate the highest common factor of y and 11.
11
Let y = -562 - -332. Let c = -160 - y. Let k(m) = m**3 + 9*m**2 + 10*m. Let g be k(-7). Calculate the greatest common factor of c and g.
14
Suppose -107 = -4*f - l - 35, 2*l = 0. Suppose -f = -j - 8. What is the highest common factor of 90 and j?
10
Let m = 46 + -26. Let q = -52 + 25. Let n = -19 - q. What is the highest common factor